
What is the remainder when 6926674 is divided by 2783?
2570
What is the remainder when 3322504 is divided by 27?
19
What is the remainder when 729761 is divided by 75?
11
What is the remainder when 45664 is divided by 4983?
817
What is the remainder when 455814 is divided by 4703?
4326
What is the remainder when 1231461 is divided by 410325?
486
What is the remainder when 232134 is divided by 31?
6
What is the remainder when 62642 is divided by 2723?
13
What is the remainder when 10649633 is divided by 27?
23
What is the remainder when 351505 is divided by 414?
19
Calculate the remainder when 103091 is divided by 4218.
1859
Calculate the remainder when 237512722 is divided by 2854.
2842
Calculate the remainder when 1760610 is divided by 18.
12
What is the remainder when 387922 is divided by 3181?
3021
Calculate the remainder when 961400 is divided by 297.
11
Calculate the remainder when 471246 is divided by 29.
25
What is the remainder when 34972645 is divided by 1128149?
26
What is the remainder when 580886 is divided by 4724?
4558
Calculate the remainder when 408235 is divided by 2360.
2315
What is the remainder when 3820235 is divided by 59?
44
What is the remainder when 6064821 is divided by 161?
112
Calculate the remainder when 1629822 is divided by 723.
180
Calculate the remainder when 125216086 is divided by 8347739.
1
Calculate the remainder when 3186900 is divided by 64.
20
Calculate the remainder when 66605 is divided by 1827.
833
What is the remainder when 5435669 is divided by 1770?
1769
What is the remainder when 1635890 is divided by 484?
454
Calculate the remainder when 1292704 is divided by 68036.
20
What is the remainder when 220342 is divided by 15681?
808
What is the remainder when 69017600 is divided by 13803520?
0
What is the remainder when 410192 is divided by 410160?
32
Calculate the remainder when 1562261 is divided by 2450.
1611
Calculate the remainder when 628148 is divided by 517.
510
Calculate the remainder when 6004998 is divided by 468.
90
Calculate the remainder when 2494591 is divided by 5070.
151
What is the remainder when 20172802 is divided by 5043197?
14
Calculate the remainder when 9829979 is divided by 231.
5
Calculate the remainder when 130249999 is divided by 125.
124
Calculate the remainder when 3548872 is divided by 221803.
24
What is the remainder when 55071 is divided by 1339?
172
What is the remainder when 7684325 is divided by 3842107?
111
What is the remainder when 4219408 is divided by 128?
16
Calculate the remainder when 226204 is divided by 597.
538
What is the remainder when 3969464 is divided by 441049?
23
What is the remainder when 291997 is divided by 1445?
107
Calculate the remainder when 427709 is divided by 60820.
1969
Calculate the remainder when 216841 is divided by 71687.
1780
Calculate the remainder when 3927163 is divided by 3991.
19
What is the remainder when 3436037 is divided by 86?
79
Calculate the remainder when 80069 is divided by 1491.
1046
What is the remainder when 57084 is divided by 5681?
274
What is the remainder when 191659 is divided by 189?
13
Calculate the remainder when 5851859 is divided by 286.
13
What is the remainder when 976606667 is divided by 10?
7
Calculate the remainder when 761494 is divided by 1322.
22
What is the remainder when 5072352 is divided by 70446?
240
What is the remainder when 729995 is divided by 22809?
107
What is the remainder when 2558591 is divided by 852857?
20
Calculate the remainder when 206282893 is divided by 7.
5
Calculate the remainder when 2836657 is divided by 567325.
32
What is the remainder when 6678125 is divided by 378?
377
Calculate the remainder when 182934 is divided by 26099.
241
Calculate the remainder when 28856039 is divided by 5771204.
19
What is the remainder when 2187884 is divided by 48?
44
Calculate the remainder when 6956688 is divided by 174.
168
Calculate the remainder when 4199868 is divided by 12726.
288
What is the remainder when 401997 is divided by 3407?
3378
What is the remainder when 162266 is divided by 6241?
0
What is the remainder when 1057514 is divided by 51?
29
What is the remainder when 9111053 is divided by 83?
60
What is the remainder when 109746 is divided by 36563?
57
Calculate the remainder when 391064 is divided by 639.
635
Calculate the remainder when 9617 is divided by 4074.
1469
What is the remainder when 1173241 is divided by 6666?
25
What is the remainder when 124258955 is divided by 236?
235
Calculate the remainder when 17592786 is divided by 99959.
2
Calculate the remainder when 108661808 is divided by 540606.
2
Calculate the remainder when 8079149 is divided by 174.
155
What is the remainder when 229237 is divided by 114295?
647
Calculate the remainder when 31149080 is divided by 9955.
9840
Calculate the remainder when 3694339 is divided by 661.
10
What is the remainder when 3443122 is divided by 39126?
34
What is the remainder when 2263258 is divided by 5239?
10
What is the remainder when 41239269 is divided by 259?
253
What is the remainder when 826067 is divided by 922?
877
What is the remainder when 79373 is divided by 951?
440
Calculate the remainder when 13382 is divided by 2280.
1982
What is the remainder when 703356 is divided by 703020?
336
Calculate the remainder when 26491846 is divided by 29.
27
What is the remainder when 6776332 is divided by 233?
226
Calculate the remainder when 17729887 is divided by 52925.
12
Calculate the remainder when 740996 is divided by 163.
161
What is the remainder when 12793478 is divided by 355?
343
What is the remainder when 65155101 is divided by 378?
375
What is the remainder when 444447 is divided by 19025?
6872
Calculate the remainder when 10635935 is divided by 2655.
5
What is the remainder when 5065322 is divided by 4289?
13
Calculate the remainder when 43403 is divided by 1542.
227
What is the remainder when 392173 is divided by 427?
187
Calculate the remainder when 555683 is divided by 359.
310
What is the remainder when 187495 is divided by 181131?
6364
Calculate the remainder when 50005636 is divided by 16668541.
13
Calculate the remainder when 2221469 is divided by 1151.
39
What is the remainder when 112521 is divided by 1784?
129
Calculate the remainder when 316926 is divided by 91.
64
What is the remainder when 8418946 is divided by 467718?
22
What is the remainder when 19247703 is divided by 126?
69
Calculate the remainder when 378721452 is divided by 18.
12
What is the remainder when 466926 is divided by 1818?
1518
What is the remainder when 521283 is divided by 1761?
27
What is the remainder when 136473034 is divided by 26392?
2
Calculate the remainder when 515876 is divided by 171924.
104
Calculate the remainder when 135310630 is divided by 15.
10
What is the remainder when 2616386 is divided by 871971?
473
What is the remainder when 677728 is divided by 435?
433
Calculate the remainder when 76445 is divided by 956.
921
What is the remainder when 401463 is divided by 9561?
9462
Calculate the remainder when 38987 is divided by 37699.
1288
What is the remainder when 16143409 is divided by 352?
337
Calculate the remainder when 60400210 is divided by 30200098.
14
Calculate the remainder when 67755 is divided by 22421.
492
Calculate the remainder when 12575031 is divided by 1796429.
28
Calculate the remainder when 8954057 is divided by 30046.
349
Calculate the remainder when 1762721 is divided by 242.
235
Calculate the remainder when 15974252 is divided by 80.
12
Calculate the remainder when 21014 is divided by 229.
175
Calculate the remainder when 212119 is divided by 8829.
223
Calculate the remainder when 173537 is divided by 2476.
217
Calculate the remainder when 2670646 is divided by 3297.
76
Calculate the remainder when 108879 is divided by 27218.
7
What is the remainder when 4674 is divided by 116?
34
Calculate the remainder when 1420259 is divided by 709832.
595
What is the remainder when 188639 is divided by 2891?
724
Calculate the remainder when 140073 is divided by 5448.
3873
Calculate the remainder when 254317 is divided by 4192.
2797
What is the remainder when 261416163 is divided by 5269?
5266
What is the remainder when 3522743 is divided by 2?
1
Calculate the remainder when 11419255 is divided by 2148.
487
What